{"id":27068,"date":"2026-04-27T10:47:57","date_gmt":"2026-04-27T10:47:57","guid":{"rendered":"https:\/\/gorskikotar.hr\/wp-content\/uploads\/2026\/04\/Izvjesce-o-izvrsenju-godisnjeg-programa-rada-TZ-gorskog-kotara-za-2025.pdf"},"modified":"2026-04-27T10:47:57","modified_gmt":"2026-04-27T10:47:57","slug":"izvjesce-o-izvrsenju-godisnjeg-programa-rada-tz-gorskog-kotara-za-2025","status":"inherit","type":"attachment","link":"https:\/\/gorskikotar.hr\/pl\/izvjesce-o-izvrsenju-godisnjeg-programa-rada-tz-gorskog-kotara-za-2025\/","title":{"rendered":"Izvje\u0161\u0107e o izvr\u0161enju godi\u0161njeg programa rada TZ gorskog kotara za 2025."},"author":1,"featured_media":0,"comment_status":"","ping_status":"closed","template":"","meta":{"_acf_changed":false},"class_list":["post-27068","attachment","type-attachment","status-inherit","hentry"],"acf":[],"description":{"rendered":"<p class=\"attachment\"><a href='https:\/\/gorskikotar.hr\/wp-content\/uploads\/2026\/04\/Izvjesce-o-izvrsenju-godisnjeg-programa-rada-TZ-gorskog-kotara-za-2025.pdf'><img fetchpriority=\"high\" decoding=\"async\" width=\"212\" height=\"300\" src=\"https:\/\/gorskikotar.hr\/wp-content\/uploads\/2026\/04\/Izvjesce-o-izvrsenju-godisnjeg-programa-rada-TZ-gorskog-kotara-za-2025-pdf-212x300.jpg\" class=\"attachment-medium size-medium\" alt=\"\" \/><\/a><\/p>\n"},"caption":{"rendered":""},"alt_text":"","media_type":"file","mime_type":"application\/pdf","media_details":{"sizes":{"full":{"file":"Izvjesce-o-izvrsenju-godisnjeg-programa-rada-TZ-gorskog-kotara-za-2025-pdf.jpg","width":1058,"height":1496,"mime_type":"application\/pdf","source_url":"https:\/\/gorskikotar.hr\/wp-content\/uploads\/2026\/04\/Izvjesce-o-izvrsenju-godisnjeg-programa-rada-TZ-gorskog-kotara-za-2025-pdf.jpg"},"medium":{"file":"Izvjesce-o-izvrsenju-godisnjeg-programa-rada-TZ-gorskog-kotara-za-2025-pdf-212x300.jpg","width":212,"height":300,"filesize":11404,"mime_type":"image\/jpeg","source_url":"https:\/\/gorskikotar.hr\/wp-content\/uploads\/2026\/04\/Izvjesce-o-izvrsenju-godisnjeg-programa-rada-TZ-gorskog-kotara-za-2025-pdf-212x300.jpg"},"large":{"file":"Izvjesce-o-izvrsenju-godisnjeg-programa-rada-TZ-gorskog-kotara-za-2025-pdf-724x1024.jpg","width":724,"height":1024,"filesize":74350,"mime_type":"image\/jpeg","source_url":"https:\/\/gorskikotar.hr\/wp-content\/uploads\/2026\/04\/Izvjesce-o-izvrsenju-godisnjeg-programa-rada-TZ-gorskog-kotara-za-2025-pdf-724x1024.jpg"},"thumbnail":{"file":"Izvjesce-o-izvrsenju-godisnjeg-programa-rada-TZ-gorskog-kotara-za-2025-pdf-106x150.jpg","width":106,"height":150,"filesize":5722,"mime_type":"image\/jpeg","source_url":"https:\/\/gorskikotar.hr\/wp-content\/uploads\/2026\/04\/Izvjesce-o-izvrsenju-godisnjeg-programa-rada-TZ-gorskog-kotara-za-2025-pdf-106x150.jpg"}},"filesize":2215253},"post":null,"source_url":"https:\/\/gorskikotar.hr\/wp-content\/uploads\/2026\/04\/Izvjesce-o-izvrsenju-godisnjeg-programa-rada-TZ-gorskog-kotara-za-2025.pdf","_links":{"self":[{"href":"https:\/\/gorskikotar.hr\/pl\/wp-json\/wp\/v2\/media\/27068","targetHints":{"allow":["GET"]}}],"collection":[{"href":"https:\/\/gorskikotar.hr\/pl\/wp-json\/wp\/v2\/media"}],"about":[{"href":"https:\/\/gorskikotar.hr\/pl\/wp-json\/wp\/v2\/types\/attachment"}],"author":[{"embeddable":true,"href":"https:\/\/gorskikotar.hr\/pl\/wp-json\/wp\/v2\/users\/1"}],"replies":[{"embeddable":true,"href":"https:\/\/gorskikotar.hr\/pl\/wp-json\/wp\/v2\/comments?post=27068"}]}}

Izvješće o izvršenju godišnjeg programa rada TZ gorskog kotara za 2025.
